 d.
14
Let y = 1962 + -3042. What is the remainder when 171 is divided by (3/(-9))/(-2*(-4)/y)?
36
Let s be -2*4/16*(-2 - -20). Let h = s + 23. What is the remainder when 1/(-3) - (-82)/3 is divided by h?
13
Let o(m) = m**2 + 3*m + 3. Let d be o(-3). Suppose d*a - 2*r - 3*r = 9, -2*a + 5*r = -6. What is the remainder when 130 is divided by ((63 - 0) + a)/2?
31
What is the remainder when (-500)/(-30)*(-2 + 145/2) is divided by 20?
15
Suppose -y - 2*b + 285 = 0, -3*y + 2*b - 249 = -1080. Calculate the remainder when y is divided by 28.
27
Let h(i) = -i + 3. Let p be h(7). Let s(l) = -3. Let t(x) = x + 7. Let z(u) = -9*s(u) - 4*t(u). What is the remainder when 29 is divided by z(p)?
14
Suppose -215 + 35 = -15*a. What is the remainder when 80 is divided by a?
8
Suppose 42*l - 60 = 38*l. Calculate the remainder when 103 is divided by l.
13
Suppose -4*s - 2*z + 187 = -197, -3*s - z = -288. What is the remainder when s is divided by 8?
0
Suppose 0 = 9*g + 25*g - 2924. Calculate the remainder when 91 is divided by g.
5
Let w = 2325 + 465. Calculate the remainder when 67 is divided by (-4)/18 + w/162.
16
Suppose a - 3*i - 135 = -2*a, 4*a - 176 = 5*i. Let u = -4 + 14. Calculate the remainder when a is divided by u.
9
Let p = -116 + 491. Calculate the remainder when p is divided by 63.
60
Let o(w) = -6*w + 38. Let p be o(-11). Let v = -93 + p. Calculate the remainder when 19 is divided by v.
8
Let r(q) = q + 8. Let o(v) = -v**2 - 4*v - 3. Let x be o(-2). Let g be (x/(-3))/((-2)/36). Calculate the remainder when 55 is divided by r(g).
13
Let b = -27 + 18. What is the remainder when 44 is divided by (12 + -13)*b/1?
8
Let x(n) = -12*n - 5. Let p(z) = z**3 + z**2 - 2*z + 5. Let h be p(0). Suppose 59 + 21 = h*g. Calculate the remainder when x(-3) is divided by g.
15
Let k = -100 + 213. Let l(t) be the first derivative of 3*t**2/2 + 14*t - 30. Calculate the remainder when k is divided by l(5).
26
Let x(r) = -r**3 - 16*r**2. Let l be x(-16). Suppose 7*m - 11*m + 48 = l. What is the remainder when (46/(-6))/((-4)/24) is divided by m?
10
Let z = -208 + 216. What is the remainder when 17 is divided by z?
1
Let h(g) = g**2 + g + 2. Let z be h(0). Suppose z*v = 4*p - 108, 111 = 4*p + v - 9. Calculate the remainder when 114 is divided by p.
27
Let u = 167 + -223. Let f(g) = 3*g**3 - g**2 + 3*g + 1. Let v be f(3). Let y = v + u. What is the remainder when y is divided by 9?
8
Suppose 4*b - 340 + 48 = 0. Let c = -215 + 252. What is the remainder when b is divided by c?
36
Let x be 4 - (-8 + 9)/((-1)/(-309)). Let z = 546 + x. What is the remainder when z is divided by 27?
25
Suppose 0 = -p + 2*h + 66, -p - 2*h + 71 = -3*h. Calculate the remainder when p is divided by 32.
12
Suppose -z + 0*z = -8. Let q = -1527 - -1532. Calculate the remainder when z is divided by q.
3
Let y(b) = -8*b - 2 - 3*b**2 - 2 + b**2 + b**2. What is the remainder when 108/198 + 93/11 + 3 is divided by y(-6)?
4
What is the remainder when ((-5019)/14)/(15/(-6) + 1) is divided by 10?
9
Let m be (-1)/(((-28)/8)/7). Let y(b) = 21*b - 3 - 4 + m*b**2 - 1. Calculate the remainder when y(-13) is divided by 10.
7
Let z be 36/(-8)*(-4)/6. Suppose b = -2, -z*h = 2*h + 2*b - 271. Calculate the remainder when h is divided by 19.
17
Let j(h) = 6*h**2 - 14*h - 4. Let d(x) = x**2 - x. Let v be d(-2). Calculate the remainder when j(v) is divided by 43.
42
Suppose -a - 2*i = i + 8, 0 = 2*a - 3*i - 29. Calculate the remainder when ((-12)/(-5))/(2/15) is divided by a.
4
Suppose 0*l - 3*l + 4 = -2*s, -8 = 4*s - l. What is the remainder when 11 is divided by 1 - (15 + -3)*s/3?
2
What is the remainder when 187 is divided by 42*(1/10 - 62/(-155))?
19
Let j(i) = -2*i**3 - 13*i**2 + 3*i + 40. Calculate the remainder when j(-7) is divided by 24.
20
Let c(q) = -10*q - 84. Calculate the remainder when 165 is divided by c(-14).
53
Let o(v) = -2*v**2 + 47*v - 92. Calculate the remainder when 181 is divided by o(21).
12
Suppose 0 = 4*b - 4*z - 736, 2*b - 3*z = 3*b - 200. Calculate the remainder when b is divided by 27.
26
Let k(w) = w**2 + 5*w - 2. Let a be k(-9). Let t be a/(-6) + 2/3. What is the remainder when 93 is divided by (t - -3)*72/(-6)?
21
Let n(w) = 105*w**3 + 2*w**2 - w - 1. Let p be n(1). Let o = 115 - p. What is the remainder when 30 is divided by o?
0
Let u = -56 + 105. Let h = -34 + u. What is the remainder when 28 is divided by h?
13
Let i = 351 - 297. Calculate the remainder when 157 is divided by i.
49
Suppose -61*h + 3740 = -27*h. Calculate the remainder when h is divided by 15.
5
Suppose d - 4*g = -8*g + 10, 5*g + 75 = 5*d. Let j = 87 + -48. What is the remainder when j is divided by d?
11
Let x = 1001 - 985. Let j(w) = -2 - 6*w - 2*w + 0. Calculate the remainder when j(-6) is divided by x.
14
Let m(t) = 7*t**2 + 5*t + 2. Let l = -155 + 150. Calculate the remainder when m(l) is divided by 22.
20
Let h = -31 - -27. Let m be (-2)/(14/4 + h). Calculate the remainder when -4 + (-2)/(m/(-90)) is divided by 7.
6
Let s = -181 + 192. Calculate the remainder when 107 is divided by s.
8
Let k(o) = -o**2 + 6*o - 5. Let g be k(5). Suppose t = 2*z - 5 - 7, -3*z + t + 20 = g. What is the remainder when z is divided by 5?
3
Let u = 1459 - 1373. Calculate the remainder when u is divided by 24.
14
Suppose -159 = -3*s - 5*t, -2*t - 265 = -7*s + 2*s. Calculate the remainder when 104 is divided by s.
51
Let x(c) = 3*c**3 - 58*c**2 + 21*c - 5. What is the remainder when 325 is divided by x(19)?
28
Suppose -5*d - 273 + 270 = -p, 43 = p + 5*d. Calculate the remainder when 100 is divided by p.
8
Suppose -3120 = -19*b - 41*b. Calculate the remainder when 147 is divided by b.
43
Let a(w) = w - 8. Let p be a(6). Let i be 1/((-39)/21 - p). Suppose 0 = -i*y + 2*y + 100. Calculate the remainder when 77 is divided by y.
17
Suppose -8*u + 9*u = 3, -404 = -5*m + 2*u. Calculate the remainder when 649 is divided by m.
75
Suppose -v + s = -15, -2*v - 2*s + 7*s = -39. Suppose -5*l + v*l - 924 = 0. Calculate the remainder when l is divided by 34.
30
Suppose 0 = -w + 5, -4*y + 16*w - 21*w = -1205. Calculate the remainder when y is divided by 11.
9
Let m = 41 + -34. What is the remainder when 17 is divided by m?
3
Let o(h) = -h**2 - h + 9. Let g be o(-7). What is the remainder when 17 is divided by 11/g + (-56)/(-6)?
8
Suppose -15*h + 111 = -24. Calculate the remainder when h is divided by 2.
1
Let g(f) = -f**2 + 8*f + 4. Let t be g(7). Let p = t + 1. What is the remainder when (-7)/((-56)/16) + 27 + -6 is divided by p?
11
Let l(a) = -2*a**2 - 28*a + 19. What is the remainder when l(-7) is divided by 32?
21
Let q be 208/39*(-6)/(-8). Suppose q*s + 5*u - 13 - 123 = 0, -3*u + 136 = 4*s. Let o = -15 + s. What is the remainder when o is divided by 11?
8
Suppose w + 5*k - 105 = 0, 5*k + 203 = 4*w - 267. Calculate the remainder when w is divided by 52.
11
Suppose o - 5*p = 23, 3*o = -5*p + 2*p - 3. Let f = -17349 + 17356. Calculate the remainder when f is divided by o.
1
Suppose 2*g - 5*g = 0. Suppose -r + g = -1. Calculate the remainder when -3 - (1 + r + -54) is divided by 13.
10
Suppose k + 2 = -1. What is the remainder when k - -2 - (3 - (-390)/(-5)) is divided by 22?
8
Let x(s) = 6*s - 4. Let z(h) = -142*h**3 - h**2 + 1. Let u be z(-1). What is the remainder when x(5) is divided by u/10 + 3/(-15)?
12
Let q = 164 - 61. Calculate the remainder when q is divided by 13.
12
What is the remainder when 103 is divided by (-14)/(-7) + 15/(-6)*-8?
15
Let a = 248 + -29. What is the remainder when a is divided by 20?
19
Let g = -5 - -9. Suppose -3*x = -16 + g. Suppose -5*j + 3 = -x*j. What is the remainder when j is divided by 3?
0
Let l = 1690 + -1597. What is the remainder when 106 is divided by l?
13
Suppose -4*i + 9*i - 210 = 0. Let c = 112 + -167. Calculate the remainder when i is divided by 22/5*c/(-33)*3.
20
Suppose -5*n - 242 = 4*p - 960, -5*n = p - 712. Calculate the remainder when n is divided by 39.
25
Calculate the remainder when (-8724)/(-42) + 5 + (-165)/35 is divided by 21.
19
Let n(g) = g**2 - 6*g - 27. What is the remainder when 276 is divided by n(-8)?
21
Let v be (-5 - -4) + 2 + 711. Suppose -l + 3*l = 46. Calculate the remainder when (v/(-20))/((-4)/10) is divided by l.
20
Suppose 3*g - 2 = 10. Let z be (-1 - -2)/(g/28). Let q = z + 0